{"id":9,"date":"2018-05-24T09:34:25","date_gmt":"2018-05-24T09:34:25","guid":{"rendered":"http:\/\/restaurantemperador.com\/?page_id=9"},"modified":"2018-05-24T10:44:49","modified_gmt":"2018-05-24T10:44:49","slug":"acerca-de","status":"publish","type":"page","link":"https:\/\/restaurantemperador.com\/?page_id=9","title":{"rendered":"Eventos y Celebraciones"},"content":{"rendered":"<p>\u00bfTienes alg\u00fan evento o celebraci\u00f3n? Podemos realizarte men\u00fas a medida ajust\u00e1ndonos a un presupuesto. Ponte en contacto con nosotros.<\/p>\n","protected":false},"excerpt":{"rendered":"<p>\u00bfTienes alg\u00fan evento o celebraci\u00f3n? Podemos realizarte men\u00fas a medida ajust\u00e1ndonos a un presupuesto. Ponte en contacto con nosotros.<\/p>\n","protected":false},"author":1,"featured_media":38,"parent":0,"menu_order":0,"comment_status":"closed","ping_status":"closed","template":"","meta":{"_mi_skip_tracking":false,"_exactmetrics_sitenote_active":false,"_exactmetrics_sitenote_note":"","_exactmetrics_sitenote_category":0,"footnotes":""},"_links":{"self":[{"href":"https:\/\/restaurantemperador.com\/index.php?rest_route=\/wp\/v2\/pages\/9"}],"collection":[{"href":"https:\/\/restaurantemperador.com\/index.php?rest_route=\/wp\/v2\/pages"}],"about":[{"href":"https:\/\/restaurantemperador.com\/index.php?rest_route=\/wp\/v2\/types\/page"}],"author":[{"embeddable":true,"href":"https:\/\/restaurantemperador.com\/index.php?rest_route=\/wp\/v2\/users\/1"}],"replies":[{"embeddable":true,"href":"https:\/\/restaurantemperador.com\/index.php?rest_route=%2Fwp%2Fv2%2Fcomments&post=9"}],"version-history":[{"count":4,"href":"https:\/\/restaurantemperador.com\/index.php?rest_route=\/wp\/v2\/pages\/9\/revisions"}],"predecessor-version":[{"id":72,"href":"https:\/\/restaurantemperador.com\/index.php?rest_route=\/wp\/v2\/pages\/9\/revisions\/72"}],"wp:featuredmedia":[{"embeddable":true,"href":"https:\/\/restaurantemperador.com\/index.php?rest_route=\/wp\/v2\/media\/38"}],"wp:attachment":[{"href":"https:\/\/restaurantemperador.com\/index.php?rest_route=%2Fwp%2Fv2%2Fmedia&parent=9"}],"curies":[{"name":"wp","href":"https:\/\/api.w.org\/{rel}","templated":true}]}}